 c?
3
Suppose 0 = -3*q + 3*l + 8 + 1, 2*l + 6 = -5*q. Suppose -4*r - 40 = s, r + q*r + 3*s = -21. What is the units digit of (r/(-6))/((-3)/(-6))?
3
Suppose 5*z + 2*t - 5533 = 0, -4*z + 17*t - 13*t + 4432 = 0. What is the thousands digit of z?
1
Suppose 2*w + 22302 = 20*w. What is the units digit of w?
9
Let l(g) = g**3 + 18*g**2 + 15*g - 7. What is the hundreds digit of l(-15)?
4
Let s = 2388 + -1644. What is the units digit of s?
4
Let u(w) = 11*w**2 - w + 6. Let v be u(2). What is the tens digit of 12*(-10)/(-6)*v/15?
6
Suppose 4*w = 2*a + 28, 0 = -4*a + a - 12. Suppose -5*p + 3*p + 2*h + 10 = 0, -34 = -w*p - 4*h. Suppose -p*n + 325 = -n. What is the tens digit of n?
6
Let k(u) = 6*u + 105. Suppose 5*z - 161 = -2*o, -5*z - 2*o + 130 = -z. What is the units digit of k(z)?
1
Let z(t) = t + 2. Let v(x) = -x**2 - 7*x + 7. Let m be v(-8). Let r be z(m). What is the units digit of r/((-2)/6) - -11?
8
Suppose z = -3*z - 36. Let l = -6 - z. Suppose 3*o - 54 = -3*y, 0 = 4*y - 3*y - l*o - 22. What is the units digit of y?
9
Suppose 11 = 5*o + 6. What is the units digit of o?
1
Let z be (-18)/(-4)*(-4)/(-3). Suppose -z*a + 11*a - 35 = 0. What is the units digit of a?
7
Suppose 986 = 5*h - 544. What is the tens digit of h?
0
Let t be (-3)/((-2 - -1)/1). What is the units digit of (-5 + t)*((-304)/(-2))/(-1)?
4
Let p(g) = 15*g**2 + 13*g + 132. What is the thousands digit of p(-9)?
1
Let u(b) = -3*b**2 + 21*b + 12. Let h be u(13). Let y = -105 - h. What is the units digit of y?
7
Let z(h) = 58*h**2 + 2*h + 9. What is the tens digit of z(-2)?
3
Let m = -17 - 43. Let i be (-1)/5 + (-4692)/m. Suppose -4*b + 89 = b - 3*r, 4*b + r = i. What is the tens digit of b?
1
Let v be 4 - (3 - 1)*(-6)/(-12). Suppose -5*y + 1616 = v*y. What is the units digit of y?
2
Let w = -165 + 418. Suppose h - w = -57. What is the units digit of h?
6
Let r = 3 - -28. Let n = 19 - -13. Let p = n - r. What is the units digit of p?
1
Let i be 2/(2*-1 - -4). Suppose 3*j - 16 = -4*y - j, -j = -2. Suppose o - 7 = y*r, -i = 5*o + 4*r - 8. What is the units digit of o?
3
Let n be 2*(1 - -4 - 4). Suppose n*j + 10 = 0, -3*x + j + 98 = -624. What is the tens digit of x?
3
Let b(a) = -2 + 6*a**2 - 2*a - 3*a + a - 5*a**2. Let u be b(5). Let s(d) = -d**3 + 3*d**2 + d + 2. What is the units digit of s(u)?
5
Let p be ((-4)/(-2))/(4/6). Let k = p + -7. Let b(z) = -z**3 - 4*z**2 + 1. What is the units digit of b(k)?
1
Suppose 3*j + 39 = -0*j - 4*i, 4*j + 5*i = -51. Let h be 2/(-6) + (-3)/j. Suppose -5*y = -3*n + 7*n - 79, y - 3*n - 31 = h. What is the tens digit of y?
1
Let a(c) be the third derivative of c**4/12 + c**3/6 - 6*c**2. Let g be a(-2). Let r(k) = k**2 + 3*k + 6. What is the units digit of r(g)?
6
Suppose 10*y = 12*y - 10. What is the tens digit of (-2 - (y - 3))/(3/(-69))?
9
Let i(p) = 40*p - 11. What is the units digit of i(17)?
9
Let x be 1/(((-9)/12)/(-3)). Suppose -x*t + 77 = -5*t. What is the tens digit of (t - -3)/(-2) + -2?
3
Let k = -33 + 78. Suppose -2*h = -h - k. Suppose 3*p - h = 126. What is the units digit of p?
7
Suppose -4*y = 5*v - 25, -3*y + 0*v + 17 = 2*v. Suppose -5*g + 4*g = 2*d - 15, -2*g = -d - y. What is the units digit of d?
5
What is the units digit of 69/((-1712)/248 - -7)?
3
Suppose -5*y - t + 8369 = 0, 3*y - 4*t - t = 5027. What is the thousands digit of y?
1
Suppose -2*v = a - 436 - 603, 0 = 3*a - 3*v - 3117. Suppose -5*z - 2*f + a = 0, 2*f + 4 = -2. What is the hundreds digit of z?
2
Let x(v) = 2*v**3 + v**2 + v + 1. Let u be x(2). Let r = 356 - 198. Suppose u = -3*w + r. What is the tens digit of w?
4
Suppose 7 = 5*p - 8. Let u(r) = -3*r - p*r**2 + 7*r**2 + 1 - 3. What is the tens digit of u(-2)?
2
Suppose -5*v = -3*v. Suppose v*x + 3*s - 106 = -2*x, 3*x - 129 = 3*s. What is the tens digit of x?
4
What is the tens digit of (-1788)/(-447) - 3/((-6)/7276)?
4
What is the tens digit of 190 - ((-36)/(-63))/(2/14)?
8
Suppose -4*p + 256 = -0*p. Let x(z) = -4*z - 35. Let u be x(-17). Suppose -p = 32*t - u*t. What is the units digit of t?
4
Let x(n) = -9 - 6*n**2 - 8*n + n**2 + 4*n**2. Suppose 5*z = -25, -3*k + 6*k + 5*z = -40. What is the units digit of x(k)?
6
Suppose -h + 21 = 3*k - 59, -3*k = -h + 68. What is the tens digit of h?
7
Suppose 0 = 24*u + 1769 - 9041. What is the hundreds digit of u?
3
Let k(m) = -m**2 + 60*m - 25. What is the hundreds digit of k(12)?
5
Suppose -1224 + 76 = -3*g - b, -382 = -g - b. What is the units digit of g?
3
Let s = 664 - -101. Suppose 620 = 5*m - c, 5*m + 3*c - s = -125. What is the units digit of m?
5
Suppose f = 11 + 11. Suppose -f*c + 25*c = 51. What is the units digit of c?
7
What is the tens digit of 6184/9 + 5 + 2/(-18)?
9
Suppose -k + 3*r - 23 = 0, k + r + 3*r + 30 = 0. Let o = k + 118. What is the units digit of o?
2
Suppose -7*l - 9 - 1741 = 0. Let o = -149 - l. What is the hundreds digit of o?
1
Let f be 16/80 + (-1 - (-68)/10). Suppose -3*j - f = 0, -b + 5*b - 514 = 3*j. What is the tens digit of b?
2
Let r(h) = 2*h**2 + 48*h - 50. What is the units digit of r(-44)?
0
Suppose 17*w - 1608 = 13*w + 3*s, w + s = 409. What is the tens digit of w?
0
Suppose -7*r + 497 = 2037. What is the tens digit of (r/(-80))/((-1)/(-116))?
1
Let r(j) = -j**2 - j - 6. Suppose 5*w - f + 21 = 71, -2*f = -3*w + 37. Let v be r(w). What is the tens digit of (v/9)/((-4)/12)?
3
Let v(j) be the second derivative of -37*j**3/6 - 17*j**2/2 - 15*j. What is the units digit of v(-4)?
1
Let h(i) = -i - 1. Let j be h(-1). Suppose -8*t + 4*t + 656 = j. Let m = t + -115. What is the tens digit of m?
4
Let c = -14 - -2. Let q(d) = -d. Let l be q(7). Let x = l - c. What is the units digit of x?
5
Let t be (-1)/1*(-12)/(-2). Let a = t - -6. Suppose 4*b - 37 - 7 = a. What is the units digit of b?
1
Suppose 3892 = 2*i + c - 4543, i - 4205 = -3*c. What is the tens digit of i?
2
Let h = 48 - -264. What is the units digit of h?
2
Let x be 4/6*1 - (-584)/6. Suppose 3*b = 2*b + x. What is the units digit of b?
8
Suppose 3*l = 5*o - 1520 - 478, -382 = -o + 5*l. What is the tens digit of o?
0
Suppose 3*i + 17 = z, -4*z - 4*i = -3*z + 11. Suppose -z*l = -l. Suppose 4*k - 6 = -2*t + 2, -5*t + k + 75 = l. What is the units digit of t?
4
Let a(g) = -3*g - 5. Suppose 7*x - 23 = 8*x. Let j = x - -16. What is the units digit of a(j)?
6
Let o(z) = -z - 5. Let c be 6/(-10) - (-294)/(-35). Let q be o(c). Suppose 5*u + q = 64. What is the units digit of u?
2
Suppose -x - 4 = -d - 0*d, 10 = 5*d - 3*x. What is the units digit of d/3 - 292/(-12)?
4
Let d(x) = 2*x**2 - x + 8. Let n be d(-5). What is the units digit of (2/(-3))/((-14)/n) + 203?
6
Let s = -95 - -156. Let p = -31 + s. What is the tens digit of p?
3
Suppose 0 = -4*w + 5*b + 4, -4*b = w + 7 - 29. What is the units digit of 1 - (14/w)/((-9)/378)?
9
Let w(h) = 13*h**2 + 37*h - 81. What is the hundreds digit of w(-11)?
0
Let h(r) = r**3 - 6*r**2 + 6*r + 5. Let b(n) be the third derivative of n**4/24 - n**3/2 - 4*n**2. Let s be b(8). What is the tens digit of h(s)?
1
Suppose -791 = -r - 2*f, -2398 = -3*r - f - 0*f. What is the units digit of r?
1
Let z be 46 - (-12)/(-7 - -4). Let a = z - 21. What is the tens digit of a?
2
Let d = 1 + 3. Suppose -f - 598 = -5*l - d*f, -3*l + 3*f + 378 = 0. What is the tens digit of l?
2
Suppose 0*d + 2*d - 28 = 0. Suppose 5*m = 16 + d. Let y(o) = -o**2 + 8*o + 6. What is the units digit of y(m)?
8
Let a(x) = 2*x + 7. Let j(c) = 1. Let o(f) = -a(f) + 5*j(f). Let u be o(-2). What is the units digit of (u - 8/2)/(-2)?
1
Suppose 722 = 13*v - 34807. What is the thousands digit of v?
2
Let c = 1937 + -941. What is the tens digit of c?
9
What is the units digit of (-3)/(-6) - 20/(-8)?
3
Let j(r) = r - 10. Let a be j(9). Let m be ((-6)/(-3) - 2)/a. Suppose 6 = -m*w + 2*w. What is the units digit of w?
3
Let k be (6/18)/((-1)/9). Let b be 1 + 3/k*-351. Suppose -7*j + b + 75 = 0. What is the units digit of j?
1
Let j(l) = l**3 - 8*l**2 + 9*l - 10. Let a be j(7). Suppose -6*c = -a*c - 194. What is the tens digit of c?
9
Let r(f) = 2*f**2 - 5*f + 15. What is the tens digit of r(-10)?
6
What is the tens digit of 4/10 + 45182/145?
1
Let y = 625 + -557. What is the tens digit of y?
6
Let d = -1831 - -2642. Suppose d + 173 = 4*k. What is the units digit of k?
6
Let d be ((-3334)/(-8))/(1/4). Suppose